me factors of a.
2, 13
Let b(w) = 13*w**2 - 14*w + 5. List the prime factors of b(15).
2, 5, 17
Suppose -3*n + 3457 = -l, 0 = -5*l - 1 + 11. List the prime factors of n.
1153
Suppose 11*j - 13*j = -96. Suppose 0 = -2*r + 352 - j. What are the prime factors of r?
2, 19
What are the prime factors of (-3066)/(-8) + (175/(-28) - -6)?
383
Suppose -5*s + 331 = -2*p + 5*p, s - p = 63. What are the prime factors of s?
5, 13
Suppose -26*s + 13*s = -9022. What are the prime factors of s?
2, 347
Suppose -48*l + 62*l = 4060. What are the prime factors of l?
2, 5, 29
List the prime factors of (-39)/(-2)*15264/216.
2, 13, 53
Let l(b) = 32*b**2 - 17*b + 30. What are the prime factors of l(4)?
2, 3, 79
Let u be (-48)/(-32)*(-8)/(-6). Suppose -u*a = -3*b + 3*a + 137, 4*b - 140 = -4*a. What are the prime factors of b?
3, 13
Suppose -16 = -3*h + 3*z + 2, 6 = -2*z. Suppose 0*w - 59 = -w - 4*o, -h*w - 5*o = -170. List the prime factors of w.
5, 11
Let y(g) = 5*g**2 + 20*g - 203. List the prime factors of y(11).
2, 311
Let c = 66 - 111. Let z = -42 - c. List the prime factors of z.
3
Suppose -4*g - 5 = -1. Let v be 6/((-3)/(-3)) + g. Suppose v*i - 25 + 0 = 0. List the prime factors of i.
5
Let p be (2/(-7) + 2)*(-7)/(-2). Let n(a) = 26*a + 34. What are the prime factors of n(p)?
2, 5, 19
What are the prime factors of (10 + 8856)/13 + (-8)/2?
2, 3, 113
Let x = 74 - 70. Suppose 0 = -2*o + 2*u - x*u + 346, -o + 179 = -5*u. What are the prime factors of o?
2, 3, 29
Let q(g) = 162*g - 1179. What are the prime factors of q(36)?
3, 11, 47
Let d(b) = 4*b + 2. Let v be d(4). Let l be (-1)/(-3) + (-60)/v. What are the prime factors of 1 + 2 - (l - -2)?
2
Let x = -15 - -6. Suppose 3*z + 2*p + 2 = z, z + 2*p = 1. List the prime factors of 13 + 0*z/x.
13
Suppose 0 = -4*a - 5*k + 2352, 4*k - 308 = -a + 280. Suppose -4*t + a - 216 = 0. List the prime factors of t.
3, 31
Let s(o) = o**3 - 2*o**2 - 8*o - 7. Let k = 33 + -28. Let i be s(k). Suppose -4*m + i = -32. What are the prime factors of m?
3, 5
Let a(o) = 2*o**3 - 9*o**2 - 8*o - 5. What are the prime factors of a(9)?
2, 163
Let i(r) = 136*r + 1282. List the prime factors of i(0).
2, 641
Let j(u) = u**2 + 6. Let x be j(-5). Let m = 9 + x. What are the prime factors of m?
2, 5
Suppose 12656 = 359*c - 352*c. What are the prime factors of c?
2, 113
Let c be 1/(-2) - 86/4. Let a be 1*(1 - (-42 + 0)). Let x = a + c. List the prime factors of x.
3, 7
Let z be (4/2)/((-8)/60). List the prime factors of z/60 + (-161)/(-4).
2, 5
Suppose 3*h - 4*h = 0. Suppose -4 = 2*a - 2, 2*w - 3*a - 205 = h. What are the prime factors of w?
101
Let s be 0/(1 + 3/3). Suppose -4*n + y + 433 = -n, s = 4*n - 2*y - 580. List the prime factors of n.
11, 13
Suppose -5*i = -2*m + 311, 0 = m - 0*i + i - 173. Suppose k - 54 = -5*r, -4*r = -2*k - 2*r + m. What are the prime factors of k?
79
Let v = -4400 + 6806. What are the prime factors of v?
2, 3, 401
Suppose -127*k + 120*k + 3031 = 0. What are the prime factors of k?
433
Let k(q) = 19*q**2 - 6*q - 59. What are the prime factors of k(-7)?
2, 457
Let z be (-1353)/(-6) + (-1)/2. Let o = 61 + -55. Suppose -o*j + z = -j. List the prime factors of j.
3, 5
Suppose -3*c - 878 = -5*c. What are the prime factors of c?
439
Suppose s = 4*a - s - 112, 4*a - 112 = -3*s. Let w be 8/a + (-24)/(-14). Suppose t - c - 5 - 1 = 0, -w*t = -c - 17. List the prime factors of t.
11
Let q(y) = -77*y + 72. Let n be q(-18). Suppose -8*x = -14*x + n. List the prime factors of x.
3
Suppose 4*z - 101 - 330 = 5*f, 4*z = 3*f + 441. Suppose -98 = -4*l - 3*s - 2*s, -5*l = 2*s - z. List the prime factors of l.
2, 11
Suppose -3*m = -4*t - 1636, 2*m - 4*m - 3*t = -1068. Suppose 2*q = -2*q + m. What are the prime factors of q?
3, 5
Suppose 0 = 3*m - 9*i + 6*i - 8934, -2*i - 8929 = -3*m. What are the prime factors of m?
3, 991
Let o = 558 + -443. What are the prime factors of o?
5, 23
Suppose 3*c + 18 = 3*q, 4*q + 4*c - 48 = -0*q. List the prime factors of q/3 - 3*(-82)/3.
5, 17
Suppose 0*s + 2*s = 0. Let p(o) = -o - 10. Let j be p(s). Let k = 20 + j. List the prime factors of k.
2, 5
Let i(b) = 2*b**2 - 8*b - 10. Let g be i(5). Suppose g = 4*s - 2*u - 396, 2*s = 4*u + 158 + 28. List the prime factors of s.
101
Suppose -x = -2*x + 1. Let m be 4/(-1) + 6/x. Suppose -3*r - 5*d + 26 = -2*r, -r + m*d = 2. List the prime factors of r.
2, 3
Let y(z) = -2*z - 5. Let u = -16 + 12. Let o be y(u). Suppose -o*s = 2*s - 30. What are the prime factors of s?
2, 3
Let z(s) = -s**3 + 12*s**2 - 13*s + 3. Let d be z(11). Let l = -64 - d. List the prime factors of (l/(-36))/((-1)/(-8)).
2, 5
Let u(y) = 6*y - 33. Let z be u(14). Let q = 92 + z. List the prime factors of q.
11, 13
Suppose -12*p + 20 = -8*p. Suppose 3*y = -d - 2*d + 69, -y - p*d = -15. What are the prime factors of y?
5
List the prime factors of 5 - 26/(-13)*1528.
3061
Let u(y) be the third derivative of y**7/315 - y**6/180 - 11*y**5/60 + 7*y**2. Let f(p) be the third derivative of u(p). What are the prime factors of f(2)?
2, 7
Let l be (-130)/(-10)*(1 + -2). Let d = 62 + l. What are the prime factors of d?
7
Let s = 177 + -331. Let d be (s/(-21))/((-2)/324). What are the prime factors of d/(-45) + (-4)/10?
2, 13
Let n(v) = 8*v**2 - 2*v - 272. What are the prime factors of n(19)?
2, 1289
Suppose -3*u - 14 = 11*u. What are the prime factors of (3 + u)*(-692)/(-8)?
173
Let y be (-547)/(-4) - 5/(-20). Suppose -5*k + 4*k + y = 0. Suppose 27 - k = -5*l. List the prime factors of l.
2, 11
Let k = -507 - -685. List the prime factors of k.
2, 89
Let f(q) = -37*q + 60. What are the prime factors of f(-12)?
2, 3, 7
Let z be ((-30)/(-42) - -5) + (-2)/(-7). List the prime factors of -26*(-1 + 0 - (z - 3)).
2, 13
Let k(m) = -m**3 + 9*m**2 - 16*m + 2. Let s be k(7). List the prime factors of (-1004)/s - 6/9.
83
Let x(u) = 46*u**2 + 3*u - 8. List the prime factors of x(-9).
3691
Suppose -2*c + 4 = 0, -5*n = -3*c - 89 - 50. Let j(z) = z + 0*z + n - z - z. What are the prime factors of j(0)?
29
What are the prime factors of (117/52 - 2) + 3270/8?
409
Let i(t) = -1240*t + 133. What are the prime factors of i(-3)?
3853
Let a = 316 - 175. List the prime factors of a.
3, 47
Let s = 110 - -47. What are the prime factors of s?
157
Let q(k) = -k**3 - 30*k**2 + 50*k + 67. List the prime factors of q(-32).
5, 103
Let d(j) = -2*j - 6. Let h be d(-6). Let c(v) = -v**2 + 6*v - 21. Let k be c(h). Let f = k - -36. What are the prime factors of f?
3, 5
Suppose 0 = -2*p - 4*p + 2730. What are the prime factors of p?
5, 7, 13
Suppose -v = 4*o - 147, o = 4*v - o - 678. What are the prime factors of v?
167
Suppose -41*t = -169*t + 200064. What are the prime factors of t?
3, 521
Suppose -24 + 2 = -2*c - 4*w, -4*c = 3*w - 19. Suppose 0 = -3*a + 10 - c. Suppose a*x + 9 = 6*x. List the prime factors of x.
3
Let c = -21 - -342. What are the prime factors of c?
3, 107
Let h(y) be the second derivative of 6*y**2 + 4/3*y**3 + 0 + 2*y. List the prime factors of h(4).
2, 11
Suppose -99*u + 106*u = 1708. List the prime factors of u.
2, 61
Let o be (-44968)/(-49) + 8/28. List the prime factors of (-3)/6*o/(-3).
3, 17
Let y(l) = -99*l + 93. List the prime factors of y(-6).
3, 229
Let c = -107 - -112. Suppose 0*g = 3*g. Suppose c*a = -g*a + 135. What are the prime factors of a?
3
What are the prime factors of ((9008/5)/16)/((-2)/(-40))?
2, 563
Suppose -8368 = -8*i + 288. What are the prime factors of i?
2, 541
Let x be (0 - 5) + (7 - 4). Let k be 0 + x*(-9)/3. List the prime factors of (18/(-21))/(k/(-42)).
2, 3
Suppose 2*o = g - 92, g + 202 = 3*g + 5*o. Let n be (1/(-2))/((-6)/g). Let r = n + 20. What are the prime factors of r?
2, 7
Suppose 0 = 2*b - 0*b - 10, -4*y = 4*b - 32. Suppose -4*r + 412 = x, -y*r = -2*r - 4*x - 120. List the prime factors of r.
2, 13
Let p = 2131 - 981. What are the prime factors of p?
2, 5, 23
Let i(m) = m**2 - 1. Let c(q) be the second derivative of q**4/4 - 2*q**3/3 - 5*q**2/2 - 3*q. Let n(z) = c(z) - 2*i(z). List the prime factors of n(6).
3
Let n = -48 - -63. List the prime factors of (-1454)/(-8) - (n/(-12) - -1).
2, 7, 13
Let t(b) = -b**2 - 8*b + 4. Let f be t(-8). Suppose 5*a = -3*q + 281, 4*q = -f*a - a + 368. List the prime factors of q.
3, 29
Suppose 5*f - 10 = 0, 3*y = 2*y - f + 18. Suppose 27*w = 26*w + y